 - 5*b + 37. Let m be d(5). Let k = m + 428. What is the highest common divisor of h and k?
15
Let t be 1104/54 + (248/(-72) - -3). Calculate the highest common factor of 8020 and t.
20
Suppose -10*m = -2*k - 6*m + 8, 4*k + 4*m = 4. What is the highest common divisor of 6428 and k?
2
Suppose 11*l - 2*l - 279 = 0. Let s(m) = 4*m + 41. Let y be s(-14). Let t = y + l. What is the highest common divisor of t and 112?
16
Suppose 0*u + 2*u + k = -76, -5*u - 184 = k. Let g = 216 - 248. Let x = g - u. What is the greatest common divisor of x and 1?
1
Let t(w) = 38*w + 3124. Let k be t(-48). Calculate the highest common divisor of 3380 and k.
260
Let z(h) = 93*h**2 - 179*h + 4. Let v be z(2). Calculate the greatest common divisor of v and 804.
6
Let j be 8 - (6 + -5 + 6). Let p(u) = 126*u**2 - 2*u - 4. Let i be p(j). What is the highest common divisor of 96 and i?
24
Let c = -382 - -387. Suppose c*h = 133 - 33. What is the greatest common divisor of 620 and h?
20
Let s = -653 - -723. Let l be (112/s)/((-1)/(-85)). Calculate the greatest common factor of 16 and l.
8
Let g(z) = z**2 - 21*z + 102. Let y be g(21). What is the greatest common factor of y and 136?
34
Let n be 112/(-40)*(0 + 1)*-5. Suppose 34 - 328 = -n*d. Calculate the greatest common factor of 420 and d.
21
Let q be (-11544)/(-30)*(-175)/(-70). What is the greatest common divisor of 1702 and q?
74
Let p be 377/(-52) + ((-3)/(-12) - 0). Let f be 1/5 - (p + (-684)/30). What is the greatest common divisor of 930 and f?
30
Suppose 492 = 17*j - 460. Let z be 8 - (2 - (-1 + 2)). Let m = z - -35. Calculate the greatest common factor of j and m.
14
Suppose 7*h - 407 - 708 = -408. What is the greatest common divisor of 8181 and h?
101
Suppose 83*t - 20727 = -97*t + 171*t. What is the greatest common factor of t and 47?
47
Let x be 45 - 13 - (0 + (-24)/6). Let c(y) = -y**3 + 2*y**2 + 4*y + 2. Let s be c(-3). Let z = x - s. Calculate the greatest common factor of z and 3.
1
Let n = 533 + -274. Let l be 1331/12 - (-1 - 121/(-132)). Calculate the highest common factor of l and n.
37
Let c be -3*(2 + -7 + 3). Suppose -g + 14 = -0*g. Let o be (80/c)/(g/63). What is the highest common factor of o and 24?
12
Suppose 0 = -0*q - 2*q + 128. Let g = -88 + 117. Let d(n) = n**2 - 23*n - 14. Let w be d(g). What is the greatest common factor of q and w?
32
Suppose c = 3*z - 303, c - z - 148 = -441. Let q(m) = -5*m**2 - 94*m + 23. Let p be q(-23). Let n = c - p. What is the greatest common divisor of n and 43?
43
Let i be (-95)/(-4)*(-1104)/(-345). Let s = -29 + -35. Let h = i + s. Calculate the greatest common divisor of 156 and h.
12
Suppose -3*n - 18*n = 9660. Let h = -453 - n. What is the greatest common divisor of h and 189?
7
Suppose 0 = -7*z + 4*z + 198. Let k be (-4 + 5/1)*-4*1 + (56 - -3). What is the highest common divisor of z and k?
11
Let p = 432050 + -432014. Let c = 0 + 4. Suppose -19 = c*n - 91. Calculate the highest common divisor of n and p.
18
Let f be (-2 + 4)/((-12)/3)*-4. Suppose f*s - 690 = -7*p + 6*p, -5*p = s - 354. What is the highest common divisor of 16 and s?
8
Let b(w) = w**3 - w**2 + 22. Let d be b(0). Let f(g) = -5*g + 43. Let i be f(9). Let o be (i - 5/(-5)) + 222/2. What is the highest common factor of d and o?
22
Let u(c) = c**2 - 36*c - 68. Let s be u(39). Suppose -4640 = -s*v + 9*v. What is the highest common divisor of 522 and v?
58
Suppose -364 = -5*v + 4*j, 2*v = -18*j + 11*j + 137. Calculate the highest common factor of 12708 and v.
36
Let r(b) = b - 69. Let k be r(14). Let z = 265 + k. Calculate the greatest common divisor of z and 60.
30
Let m(o) = 461*o**3 - 2*o**2 + 2*o - 1. Let g be m(1). Let z(x) = x**2 + 24*x + 160. Let i be z(-14). Calculate the greatest common factor of g and i.
20
Let z be (0 - 0) + (11 - (-19 + -442)). What is the highest common factor of z and 24?
8
Let g be ((-1430)/(-8))/5 + (-4)/(-16). Suppose x - 26 = -2*d, d - 40*x = -g*x + 22. Let y = -29 + 43. Calculate the greatest common divisor of y and d.
14
Let q be 28/(-126) + 4/(72/23494). Suppose 0 = 41*k - 32*k - q. What is the greatest common divisor of 203 and k?
29
Let z(i) = 20*i**2 + i - 12. Let a be z(3). Suppose 4204 = 7*u - a. What is the greatest common factor of 25 and u?
25
Suppose -7*x + 1045 = -2*x. Let j(l) = 9*l - 4. Let f be j(3). Let m = 42 - f. What is the greatest common factor of m and x?
19
Let b = 114 - 109. Let i be 6124/20 + (-1)/b. Suppose -3*q - 18 = -i. What is the highest common divisor of 16 and q?
16
Let q be 2 + (-14)/10 + 16696/40. Let g = -369 + q. Calculate the greatest common factor of 441 and g.
49
Let s be 6 + -4 + (-32 - -36). Calculate the greatest common divisor of 386 and s.
2
Suppose -2*w + 100 = 2*w + x, -75 = -3*w - 5*x. Let o = w + -25. Suppose 3*l - 45 - 21 = o. What is the highest common factor of 2 and l?
2
Let j be 979 + -7*5/(-5) + -6. What is the greatest common factor of j and 98?
98
Let d(y) = 10*y + 117. Let t(r) = -5*r**2 - 10*r + 8. Let w be t(1). Let b be d(w). What is the highest common divisor of b and 1363?
47
Suppose 39 = -2*h + 738 + 2531. What is the highest common factor of h and 510?
85
Let c be ((-85)/(-10))/((-5)/(-10)). Suppose 1918 - 218 = c*o. Calculate the highest common factor of o and 4.
4
Suppose -3*r = 7*u - 5*u - 164, 4*r = -2*u + 164. Suppose 570 = -25*j + u*j. What is the highest common divisor of 435 and j?
5
Suppose -w = -21*w + 2069 - 29. Calculate the highest common divisor of 238 and w.
34
Let b(d) = -5*d + 2. Let z be b(-7). Suppose 5*t = -z + 232. Suppose 290*x = 326*x - 41 - 895. Calculate the highest common factor of x and t.
13
Let u(r) = 7*r - 6. Let j be u(4). Suppose 2*z = j + 56. Let s = -36414 - -36492. Calculate the highest common factor of s and z.
39
Let r(k) = 2*k**2 - 19*k - 129. Let w be (220/(-30) + 8)/((-4)/30). Let q be r(w). Suppose -880 = -6*o + o. Calculate the highest common divisor of q and o.
16
Let y be 3 + 136 - (-3 + -1). Suppose -319 = 898*z - 927*z. Calculate the highest common divisor of z and y.
11
Let w be 66623/119 + 72/(-84). What is the greatest common divisor of w and 688?
43
Suppose 4*q - q + 3*j = 300, 3*q - 335 = 4*j. Suppose 4*h + q = 121. Let t be (1 + 1)*1*16. Calculate the highest common factor of h and t.
4
Suppose -10*o + o = -567. Let m be ((-48)/(-60) - 1/(-5))*o. What is the highest common factor of 18 and m?
9
Suppose -2*z - 136 = -2*d, 4*z = 5*d + 154 - 486. Suppose 4*k - 4*c - 580 = 0, -4*k + 7*c = 2*c - 575. What is the highest common divisor of k and d?
30
Let u be (275/(23 - 48))/(-2*(-1)/(-80)). What is the highest common divisor of 616 and u?
88
Suppose 685 = -6*o + 55. Let b = o + 123. What is the highest common factor of 126 and b?
18
Suppose q - 8 = -3*x, -2*x + 5*q - 3*q = 0. Suppose 0 = x*w - w - 24. Suppose 0 = 10*k + 7 - 37. Calculate the greatest common divisor of k and w.
3
Let w be ((-8)/28)/((-3)/84). Suppose 2*z = w*z - 66. Suppose 209 = -0*m + z*m. What is the greatest common divisor of m and 57?
19
Let v(h) = -h**2 + 30*h - 45. Let t = -19 - -47. Let n be v(t). Let p(k) = k**2 + 2*k + 7. Let r be p(3). Calculate the highest common factor of r and n.
11
Suppose 0 = -x - 3, 2*x - 42 = -0*z + z. Let a be (91 - (0 + -1))*(-12)/z. Let k = a - 11. Calculate the highest common divisor of 8 and k.
4
Let v be (-11)/((-66)/60) - 6. Suppose 162 = m + 4*m + 3*d, -4*m + 136 = -v*d. What is the greatest common factor of 88 and m?
11
Suppose 3*q + 540 = -0*q. Let x = -144 - q. Calculate the highest common factor of 27 and x.
9
Let v be ((-8)/(-16)*436/1)/(37/296). What is the greatest common divisor of 9810 and v?
218
Let c = -4278 + 4696. Calculate the greatest common factor of c and 38.
38
Suppose 82 + 560 = 2*g + h, 960 = 3*g + 2*h. What is the highest common divisor of 1377 and g?
81
Let z be (-358)/(-3)*(-8235)/75*80/(-96). What is the highest common divisor of z and 537?
179
Let d(x) = 3*x**3 - 13*x**2 - 69. Let a be d(8). Calculate the highest common factor of a and 1651.
127
Suppose 14*c - 11*c = -13*c + 1056. What is the greatest common divisor of 294 and c?
6
Let b be 45/(18 - 9)*(-18)/(-10). Suppose -b*p + 109 = -44. What is the highest common divisor of p and 119?
17
Let m(a) = 4*a**3 - 2*a**2 - 6*a - 4. Let l be m(4). Suppose -l = -3*s + 5*x, -